. What are the prime factors of n?
929
Suppose 4*a - 5731 = 4*c + 10481, 8098 = 2*a + 2*c. What are the prime factors of a?
4051
Suppose -4*q = 3*p - 2386, 4*q - 2249 - 145 = p. What are the prime factors of q?
2, 13, 23
Suppose 12834 = 34*i - 56832. What are the prime factors of i?
3, 683
Let y = -20 + 23. Suppose 4*q - 87 = -y*u + 21, 4*q + 72 = 2*u. What are the prime factors of u?
2, 3
What are the prime factors of 276 + (6 - 4/(16/4))?
281
Let g(n) = 296*n + 11. List the prime factors of g(1).
307
Suppose 4*g = 8, -r + 3 = -5*g + 10. List the prime factors of 107/1 - 9/r.
2, 13
What are the prime factors of 82 - (-2 + (0 - 0/(-2)))?
2, 3, 7
Let h(m) = -m**3 + 5*m**2 - 2*m + 10. Let r be h(5). Suppose -3*j = -r*j - 2*v - 662, -212 = -j + 5*v. List the prime factors of j.
2, 3, 37
Let o(t) = -t**3 - 2*t**2 + 13*t - 5. Let v be o(-6). Let s = v + -25. What are the prime factors of s?
2, 3
Let k = -42 + 134. Suppose -3*w = -5*w + k. What are the prime factors of w?
2, 23
Suppose -531 = 5*b + 4*s, 2*b - 3*s + 214 = -5*s. Let n = 58 + b. What are the prime factors of -16 + 16 - (0 + n)?
3, 5
Suppose 0 = 5*o - 3 - 22. Let u = 8 - o. Suppose 4*q - 4 = 0, 105 = u*m + 4*q - 43. What are the prime factors of m?
2, 3
Let r be 55/22*(-2 - -6). Let s be r/(-45) + (-141)/(-27). Suppose -360 = -p - s*p. What are the prime factors of p?
2, 3, 5
Let h = -3 + 3. Suppose -z - 7*a + 3*a + 27 = h, 5*a - 64 = -4*z. What are the prime factors of z?
11
Suppose 161*b - 2884 = 157*b. What are the prime factors of b?
7, 103
Suppose -s = 3*v - 1658, 5*s = 17 + 8. What are the prime factors of v?
19, 29
List the prime factors of (((-126)/(-35))/(-9))/(1/(-1015)).
2, 7, 29
Let g(l) = -l + 8. Let p(c) = c + 3. Let f be p(6). Let r be g(f). List the prime factors of 6 + -4 - 14/r.
2
Let l be 0 - -7 - (0 + 2). Suppose 5*n - l = 10. Suppose 4*j - r = 89, 2*j + n*j - 103 = 4*r. What are the prime factors of j?
23
Let u be (38/4)/(6/12). Let x = u + 166. Suppose -4*s + 9*s = x. List the prime factors of s.
37
Suppose 2*n = 2*b + 1436, -13*n + 710 = -12*n - 3*b. List the prime factors of n.
2, 19
What are the prime factors of 112/21*(300 - -6)?
2, 3, 17
Let q(p) = -4*p**3 - 4*p**2 - 7*p - 9. What are the prime factors of q(-4)?
211
Let j(n) = -n**2 + n - 1. Let z(b) = b**2 - 5*b + 8. Let w(a) = -3*j(a) - z(a). What are the prime factors of w(6)?
79
Let p be ((-16)/(-4))/(2/4). Let l(k) = 2*k - 3. Let h be l(p). Let s(y) = -y**2 + 15*y - 16. List the prime factors of s(h).
2, 5
Let t = -1 - -4. Let j be -3*(-7)/t - 2. Suppose 85 + 190 = j*d. What are the prime factors of d?
5, 11
Suppose 4*v + 4 = -2*y, -5*y - 2*v - 23 = 3. What are the prime factors of ((-10)/y - 2)/(1/(-939))?
313
Let z = -58 + 44. Let m = z + 39. List the prime factors of m.
5
Suppose 2 = 5*g + 22. Let y(i) = -11*i + 8*i - 5 + 2*i**2 + 4*i. List the prime factors of y(g).
23
Let w(z) = -2*z - 4. Let x be w(-3). Let l be ((-464)/(-20))/((-4)/(-10)). List the prime factors of (x/2)/(2/l).
29
List the prime factors of (-7 - (9 + -1120)) + 8/(-2).
2, 5, 11
Let g(o) = o**2 + 9*o + 11. Let s be g(-13). Suppose -5*n + 253 = s. Suppose -3*j + 5*j = n. List the prime factors of j.
19
Suppose -4*m = w - 212, -2*m + 3*m - 3*w = 40. Let v = 182 - m. What are the prime factors of v?
2, 5, 13
Let m(r) = -r**3 - r**2 + 8*r - 4. Let a be m(2). Suppose 3 = c, a*c = -4*d - 2*c + 922. List the prime factors of d.
229
Let g(d) = -6*d - 8. Let z = 20 + -25. Let j be g(z). Suppose -q + 22 = b, b = 2*b + 3*q - j. List the prime factors of b.
2, 11
Let s be (80/6)/(2/3)*-1. Let y = s + 103. List the prime factors of y.
83
Let a(f) = 18*f**2 + 3*f + 12. List the prime factors of a(-5).
3, 149
Suppose -3*z = -3*x - 1518, -z + 3*x + 97 + 409 = 0. What are the prime factors of z?
2, 11, 23
What are the prime factors of (-3 - (1 + 0)) + 1218/3?
2, 3, 67
Suppose -5*t + 22 + 3 = q, 0 = -2*q - 3*t + 22. Suppose 312 = -4*d + q*c + 887, -4*c = -4*d + 580. List the prime factors of d.
2, 3, 5
Suppose -5*b - 2*m + 3693 = 0, 0 = b - 23*m + 28*m - 734. What are the prime factors of b?
739
Let x(k) be the first derivative of -3/2*k**2 - 1 + 8*k. List the prime factors of x(-9).
5, 7
Let q(f) be the first derivative of -1/3*f**3 + 5*f**2 + 2 - 12*f. List the prime factors of q(5).
13
Let r(d) = 7*d**3 - 4*d**2 - 6*d + 14. Let x be r(3). Let f = -75 + x. List the prime factors of f.
2, 37
Suppose -2*j = 5*d - 358 - 2407, 3*d = -4*j + 5509. What are the prime factors of j?
5, 11
Let o = 163 + 97. List the prime factors of o.
2, 5, 13
Suppose 42*r = 49*r + 84. Let d(o) = o**2 - 6*o - 4. What are the prime factors of d(r)?
2, 53
Let v(g) = -13*g + 6. Let q = -25 + 27. Let w be 35/(-11) - q/(-11). What are the prime factors of v(w)?
3, 5
What are the prime factors of (-21)/(-84) + 5/(-4) - -363?
2, 181
List the prime factors of -2 - (2 + -528) - 2 - 0.
2, 3, 29
Let c(l) = -9*l**3 - l**2 + 3*l. Let x be c(-3). Let t = x - 132. What are the prime factors of t?
3, 31
Suppose 3*q - 2*s - 72 = -s, -5*q = s - 120. Let z = 5 + q. What are the prime factors of z?
29
Let z(d) = 2*d**3 - 21*d**2 - d + 2. What are the prime factors of z(12)?
2, 211
Suppose p = 26*x - 24*x - 1491, -2*p = 5*x - 3723. What are the prime factors of x?
5, 149
Let k be (-4)/1*23/(-4). Let f = 37 - k. What are the prime factors of f/(-7) - 1*-31?
29
Suppose 4*p = -2*y - 226, 3*y - 3 = -0*y. Let d be 8/(-3)*123/(-4). Let n = d + p. List the prime factors of n.
5
Suppose v - 17 = 2*j, -14 = -v + 3*j - 2*j. Suppose i - 4 + 37 = 0. What are the prime factors of 6/i - (-321)/v?
29
Let i be (-243)/(-36) + (-2)/(-8). Suppose -9 = -2*d + i. Suppose 3*k + 4*q = k - d, 0 = k - 2*q - 16. List the prime factors of k.
2, 3
Suppose -2*x + 22 = -3*k, x + 0 = -k + 1. Suppose -1251 = -x*u + 3*t, -5*t - 999 = -4*u - 2*t. What are the prime factors of u?
2, 3, 7
Let o(c) = -c + 6. Let f be o(3). Suppose -4*k + 14 = -f*b + 2*b, 0 = -5*b + k - 51. List the prime factors of (-166)/b - (-8)/20.
17
Let x(m) = -m**2 + 4. Let n be x(0). Let k be n/(-18) - 272/72. What are the prime factors of 53 + 4 + k + 2?
5, 11
Let u(b) = 5*b**3 - 7*b**2 - 10*b + 19. What are the prime factors of u(6)?
787
Suppose 0 = f - 2*f + 2. Let w(h) = -2*h**2 + 1 + 4*h**f + 11*h - 9*h + 0*h**2. What are the prime factors of w(2)?
13
Let p(t) = -4*t - 35 + 22 + 0*t + 2*t**2 - 3*t. What are the prime factors of p(-7)?
2, 67
Suppose 3*j = -f + 585, -f - j + 414 = -169. What are the prime factors of f?
2, 3, 97
Suppose u + 6 = 2*u. Let j be (-38)/u - 2/3. Let m(h) = -h + 9. What are the prime factors of m(j)?
2
Suppose 14*i = 43*i - 493. What are the prime factors of i?
17
Let k(r) = -r**3 - 3*r**2 + 3*r - 4. Let i = 6 + -10. Let h be k(i). List the prime factors of 1/(-1)*h + 28.
2, 7
Suppose 42*o - 52*o = -22860. What are the prime factors of o?
2, 3, 127
Suppose -2*a + 2*f + 120 = 0, -2*f = a + f - 72. Let d = 121 - a. What are the prime factors of d?
2, 29
Let x = 3100 - 2036. What are the prime factors of x?
2, 7, 19
Let w = 14 - 9. Suppose -g + w*z + 177 = g, 4*z = -3*g + 323. Suppose -5*t - 2*d - d + g = 0, 3*t - 2*d = 72. List the prime factors of t.
2, 11
Let t be 1340/30 + (-4)/6. List the prime factors of (-1)/(2/4) - -5*t.
2, 109
Suppose -72 = -3*y - 0. Suppose -s = 2*r - 6*r + 3, 2*r - y = -4*s. Suppose 4*p + c + 2*c = 30, -c - r = 0. What are the prime factors of p?
3
Let z(n) be the second derivative of n**4/12 + 5*n**3/6 - 7*n**2/2 - 4*n. Let i be z(-6). List the prime factors of 0/i + 144/9.
2
Let m = 1109 - 315. What are the prime factors of m?
2, 397
Suppose -3*l + 4084 = 5*p, 6 = 15*l - 13*l. What are the prime factors of p?
5, 163
Suppose 795 + 877 = 2*o. List the prime factors of o.
2, 11, 19
Let r(j) = -107*j**3 - 4*j**2 + j + 15. List the prime factors of r(-3).
3, 5, 191
Suppose 1011 = 3*g - 5*y - 3209, 0 = 2*g - 4*y - 2816. What are the prime factors of g?
2, 5, 7
Let f = -24 - -31. Suppose f*q + 0*q = 140. What are the prime factors of q?
2, 5
Suppose 3*b = -o, 2*b + 25 = 2*o + 3*b. Suppose 30 = o*k - 14*k. List the prime factors of k.
2, 3, 5
Suppose 8*l - 2*l - 14754 = 0. What are the prime factors of l?
2459
Suppose 0 = 2*k - 3*k + 5*b + 560, 4*b = k - 562. What are the prime factors of k?
2, 3, 5, 19
Le